 by 1252.
85
What is the remainder when 6633914 is divided by 675?
14
What is the remainder when 2048842 is divided by 75?
67
Calculate the remainder when 109673599 is divided by 286354.
17
What is the remainder when 328864 is divided by 210?
4
What is the remainder when 989727 is divided by 1077?
1041
Calculate the remainder when 16953 is divided by 1736.
1329
What is the remainder when 111635 is divided by 27143?
3063
Calculate the remainder when 11023 is divided by 1083.
193
Calculate the remainder when 36031321 is divided by 19186.
13
What is the remainder when 1469924 is divided by 7538?
14
What is the remainder when 1301772 is divided by 650869?
34
Calculate the remainder when 1820677 is divided by 41379.
1
Calculate the remainder when 1682482 is divided by 84115.
182
Calculate the remainder when 145735 is divided by 592.
103
Calculate the remainder when 921126 is divided by 1788.
306
What is the remainder when 1025386 is divided by 1025288?
98
Calculate the remainder when 6804251 is divided by 2606.
2591
Calculate the remainder when 121373 is divided by 574.
259
What is the remainder when 1018470 is divided by 6572?
6382
What is the remainder when 3422912 is divided by 188?
184
Calculate the remainder when 102353038 is divided by 62.
28
What is the remainder when 161800 is divided by 7699?
121
What is the remainder when 2146042 is divided by 14?
10
What is the remainder when 3866940 is divided by 184136?
84
What is the remainder when 5762542 is divided by 213426?
40
What is the remainder when 91742 is divided by 30378?
608
Calculate the remainder when 40393 is divided by 20033.
327
What is the remainder when 186684 is divided by 781?
25
Calculate the remainder when 122355 is divided by 30366.
891
Calculate the remainder when 63739681 is divided by 2409.
2359
What is the remainder when 107442391 is divided by 100?
91
Calculate the remainder when 3702078 is divided by 5050.
428
What is the remainder when 749953 is divided by 5315?
538
What is the remainder when 463164 is divided by 932?
892
What is the remainder when 418176 is divided by 6300?
2376
What is the remainder when 99868 is divided by 2804?
1728
What is the remainder when 4228045 is divided by 4227858?
187
What is the remainder when 7359825 is divided by 70093?
60
Calculate the remainder when 274193 is divided by 91288.
329
Calculate the remainder when 809220 is divided by 109.
4
Calculate the remainder when 1444392 is divided by 342.
126
What is the remainder when 24556314 is divided by 2137?
47
What is the remainder when 418797 is divided by 31596?
8049
What is the remainder when 165271 is divided by 23505?
736
What is the remainder when 1754249 is divided by 250604?
21
What is the remainder when 7793302 is divided by 722?
34
Calculate the remainder when 11117 is divided by 1905.
1592
Calculate the remainder when 2822327 is divided by 201.
86
What is the remainder when 1182326 is divided by 1182293?
33
Calculate the remainder when 62574 is divided by 1402.
886
Calculate the remainder when 1489350 is divided by 870.
780
Calculate the remainder when 5340 is divided by 3682.
1658
What is the remainder when 7073300 is divided by 22?
14
What is the remainder when 46227186 is divided by 28?
26
Calculate the remainder when 3338625 is divided by 46357.
921
What is the remainder when 3364332 is divided by 841076?
28
What is the remainder when 51624 is divided by 235?
159
What is the remainder when 6471699 is divided by 1904?
3
Calculate the remainder when 256791 is divided by 18329.
185
Calculate the remainder when 23226 is divided by 22533.
693
Calculate the remainder when 23778995 is divided by 2161713.
152
Calculate the remainder when 36901429 is divided by 309.
31
What is the remainder when 55266 is divided by 27614?
38
What is the remainder when 82808746 is divided by 5294?
5292
Calculate the remainder when 3672955 is divided by 1509.
49
What is the remainder when 100173 is divided by 576?
525
Calculate the remainder when 99055 is divided by 1256.
1087
Calculate the remainder when 357387033 is divided by 76.
73
What is the remainder when 69913 is divided by 140?
53
What is the remainder when 121631305 is divided by 31?
15
What is the remainder when 13456532 is divided by 691?
689
Calculate the remainder when 302935 is divided by 6277.
1639
What is the remainder when 2670583 is divided by 148365?
13
Calculate the remainder when 528969 is divided by 21156.
69
What is the remainder when 163587 is divided by 2654?
1693
Calculate the remainder when 39656 is divided by 38777.
879
Calculate the remainder when 90342 is divided by 45168.
6
Calculate the remainder when 34573 is divided by 16584.
1405
Calculate the remainder when 1655446 is divided by 18.
4
Calculate the remainder when 48359 is divided by 47507.
852
What is the remainder when 27946 is divided by 26865?
1081
Calculate the remainder when 2307285 is divided by 133.
1
Calculate the remainder when 15304 is divided by 1680.
184
What is the remainder when 80867 is divided by 40403?
61
What is the remainder when 6050068 is divided by 190?
88
What is the remainder when 128958719 is divided by 320?
319
Calculate the remainder when 48723 is divided by 1871.
77
What is the remainder when 946956 is divided by 4574?
138
Calculate the remainder when 13295 is divided by 9208.
4087
Calculate the remainder when 4952 is divided by 3717.
1235
Calculate the remainder when 65334 is divided by 113.
20
Calculate the remainder when 699963 is divided by 2941.
5
Calculate the remainder when 809941386 is divided by 2605.
2601
Calculate the remainder when 15132697 is divided by 2148.
37
Calculate the remainder when 13928762 is divided by 268.
266
What is the remainder when 305854 is divided by 5133?
3007
What is the remainder when 305878 is divided by 305865?
13
Calculate the remainder when 719091 is divided by 25.
16
Calculate the remainder when 295513 is divided by 258.
103
Calculate the remainder when 40159815 is divided by 95.
85
Calculate the remainder when 2147668 is divided by 1904.
1860
Calculate the remainder when 425984 is divided by 2566.
28
What is the remainder when 10291029 is divided by 321594?
21
Calculate the remainder when 65474748 is divided by 725.
723
What is the remainder when 168051 is divided by 84007?
37
Calculate the remainder when 57757814 is divided by 48.
38
What is the remainder when 9548733 is divided by 1591425?
183
Calculate the remainder when 1921743 is divided by 180.
63
Calculate the remainder when 21305944 is divided by 3313.
41
Calculate the remainder when 744937 is divided by 414.
151
What is the remainder when 2245359 is divided by 561272?
271
What is the remainder when 78572499 is divided by 5155?
5144
Calculate the remainder when 128290495 is divided by 14620.
14615
What is the remainder when 14219 is divided by 4624?
347
Calculate the remainder when 21720848 is divided by 5430212.
0
Calculate the remainder when 9583720 is divided by 1916710.
170
What is the remainder when 2181960 is divided by 576?
72
What is the remainder when 1427992 is divided by 356985?
52
Calculate the remainder when 103339 is divided by 538.
43
What is the remainder when 9588 is divided by 1084?
916
What is the remainder when 1165384 is divided by 9379?
2388
What is the remainder when 190755 is divided by 95320?
115
Calculate the remainder when 51667 is divided by 14672.
7651
Calculate the remainder when 32910 is divided by 8197.
122
What is the remainder when 26491 is divided by 12018?
2455
Calculate the remainder when 8195280 is divided by 110747.
2
What is the remainder when 1020805 is divided by 9365?
20
Calculate the remainder when 6932862 is divided by 385157.
36
What is the remainder when 19178 is divided by 3006?
1142
What is the remainder when 79920220 is divided by 525?
520
What is the remainder when 283672 is divided by 94527?
91
What is the remainder when 6433789 is divided by 21?
19
What is the remainder when 431848420 is divided by 1699?
1697
Calculate the remainder when 2314218 is divided by 491.
135
Calculate the remainder when 16461 is divided by 352.
269
Calculate the remainder when 28655532 is divided by 57657.
3
What is the remainder when 146393 is divided by 146239?
154
What is the remainder when 5106163 is divid